{"id":16792,"date":"2025-09-28T13:59:53","date_gmt":"2025-09-28T11:59:53","guid":{"rendered":"https:\/\/astrotao.com\/?page_id=16792"},"modified":"2026-03-05T19:48:22","modified_gmt":"2026-03-05T18:48:22","slug":"qi-gong-la-femme-de-jade-coaching-personnalise-1h","status":"publish","type":"page","link":"https:\/\/astrotao.com\/index.php\/qi-gong-la-femme-de-jade-coaching-personnalise-1h\/","title":{"rendered":"Qi Gong La Femme de Jade + Coaching personnalis\u00e9 (1h)\u200b"},"content":{"rendered":"\t\t<div data-elementor-type=\"wp-page\" data-elementor-id=\"16792\" class=\"elementor elementor-16792\">\n\t\t\t\t\t\t<section class=\"elementor-section elementor-top-section elementor-element elementor-element-2a76e9f elementor-section-boxed elementor-section-height-default elementor-section-height-default\" data-id=\"2a76e9f\" data-element_type=\"section\" data-e-type=\"section\">\n\t\t\t\t\t\t<div class=\"elementor-container elementor-column-gap-default\">\n\t\t\t\t\t<div class=\"elementor-column elementor-col-100 elementor-top-column elementor-element elementor-element-179b1e4\" data-id=\"179b1e4\" data-element_type=\"column\" data-e-type=\"column\">\n\t\t\t<div class=\"elementor-widget-wrap elementor-element-populated\">\n\t\t\t\t\t\t<div class=\"elementor-element elementor-element-e558efd elementor-widget elementor-widget-heading\" data-id=\"e558efd\" data-element_type=\"widget\" data-e-type=\"widget\" data-widget_type=\"heading.default\">\n\t\t\t\t<div class=\"elementor-widget-container\">\n\t\t\t\t\t<h1 class=\"elementor-heading-title elementor-size-default\">\ud83c\udf38 Qi Gong de la Femme de Jade \u2013 Un Tr\u00e9sor F\u00e9minin pour l\u2019\u00c9quilibre Int\u00e9rieur<\/h1>\t\t\t\t<\/div>\n\t\t\t\t<\/div>\n\t\t\t\t\t<\/div>\n\t\t<\/div>\n\t\t\t\t\t<\/div>\n\t\t<\/section>\n\t\t\t\t<section class=\"elementor-section elementor-top-section elementor-element elementor-element-c23e6f3 elementor-section-boxed elementor-section-height-default elementor-section-height-default\" data-id=\"c23e6f3\" data-element_type=\"section\" data-e-type=\"section\">\n\t\t\t\t\t\t<div class=\"elementor-container elementor-column-gap-default\">\n\t\t\t\t\t<div class=\"elementor-column elementor-col-100 elementor-top-column elementor-element elementor-element-b393242\" data-id=\"b393242\" data-element_type=\"column\" data-e-type=\"column\">\n\t\t\t<div class=\"elementor-widget-wrap elementor-element-populated\">\n\t\t\t\t\t\t<div class=\"elementor-element elementor-element-f0339b0 elementor-widget elementor-widget-heading\" data-id=\"f0339b0\" data-element_type=\"widget\" data-e-type=\"widget\" data-widget_type=\"heading.default\">\n\t\t\t\t<div class=\"elementor-widget-container\">\n\t\t\t\t\t<h2 class=\"elementor-heading-title elementor-size-default\">\ud83c\udf3f Une m\u00e9thode tao\u00efste ancestrale <br><span style=\"letter-spacing: normal;text-align: start;font-size: 12pt;, sans-serif\">\u2728<\/span><span style=\"letter-spacing: normal;text-align: start;font-size: 12pt;, serif\">&nbsp;<b>Red\u00e9couvrez votre \u00e9nergie vitale, votre f\u00e9minit\u00e9 et votre s\u00e9r\u00e9nit\u00e9 gr\u00e2ce \u00e0 une pratique douce et puissante.<\/b><\/span><\/h2>\t\t\t\t<\/div>\n\t\t\t\t<\/div>\n\t\t\t\t<div class=\"elementor-element elementor-element-b9e84bc elementor-align-center elementor-widget elementor-widget-button\" data-id=\"b9e84bc\" data-element_type=\"widget\" data-e-type=\"widget\" data-widget_type=\"button.default\">\n\t\t\t\t<div class=\"elementor-widget-container\">\n\t\t\t\t\t\t\t\t\t<div class=\"elementor-button-wrapper\">\n\t\t\t\t\t<a class=\"elementor-button elementor-button-link elementor-size-sm\" href=\"https:\/\/taoequilibre123.systeme.io\/166bbd61-8e535664-df3e90b4\">\n\t\t\t\t\t\t<span class=\"elementor-button-content-wrapper\">\n\t\t\t\t\t\t\t\t\t<span class=\"elementor-button-text\">Acheter<\/span>\n\t\t\t\t\t<\/span>\n\t\t\t\t\t<\/a>\n\t\t\t\t<\/div>\n\t\t\t\t\t\t\t\t<\/div>\n\t\t\t\t<\/div>\n\t\t\t\t\t<\/div>\n\t\t<\/div>\n\t\t\t\t\t<\/div>\n\t\t<\/section>\n\t\t\t\t<section class=\"elementor-section elementor-top-section elementor-element elementor-element-01cf6e4 elementor-section-boxed elementor-section-height-default elementor-section-height-default\" data-id=\"01cf6e4\" data-element_type=\"section\" data-e-type=\"section\">\n\t\t\t\t\t\t<div class=\"elementor-container elementor-column-gap-default\">\n\t\t\t\t\t<div class=\"elementor-column elementor-col-100 elementor-top-column elementor-element elementor-element-441bd3a\" data-id=\"441bd3a\" data-element_type=\"column\" data-e-type=\"column\">\n\t\t\t<div class=\"elementor-widget-wrap elementor-element-populated\">\n\t\t\t\t\t\t<div class=\"elementor-element elementor-element-b7c95e4 elementor-widget elementor-widget-heading\" data-id=\"b7c95e4\" data-element_type=\"widget\" data-e-type=\"widget\" data-widget_type=\"heading.default\">\n\t\t\t\t<div class=\"elementor-widget-container\">\n\t\t\t\t\t<h2 class=\"elementor-heading-title elementor-size-default\">\ud83d\udc8e Pourquoi pratiquer le Qi Gong de la Femme de Jade ?\u200b<\/h2>\t\t\t\t<\/div>\n\t\t\t\t<\/div>\n\t\t\t\t\t<\/div>\n\t\t<\/div>\n\t\t\t\t\t<\/div>\n\t\t<\/section>\n\t\t\t\t<section class=\"elementor-section elementor-top-section elementor-element elementor-element-c725394 elementor-section-boxed elementor-section-height-default elementor-section-height-default\" data-id=\"c725394\" data-element_type=\"section\" data-e-type=\"section\">\n\t\t\t\t\t\t<div class=\"elementor-container elementor-column-gap-default\">\n\t\t\t\t\t<div class=\"elementor-column elementor-col-50 elementor-top-column elementor-element elementor-element-3ec83fb\" data-id=\"3ec83fb\" data-element_type=\"column\" data-e-type=\"column\">\n\t\t\t<div class=\"elementor-widget-wrap elementor-element-populated\">\n\t\t\t\t\t\t<div class=\"elementor-element elementor-element-173e39c elementor-widget elementor-widget-text-editor\" data-id=\"173e39c\" data-element_type=\"widget\" data-e-type=\"widget\" data-widget_type=\"text-editor.default\">\n\t\t\t\t<div class=\"elementor-widget-container\">\n\t\t\t\t\t\t\t\t\t<p style=\"font-weight: 400;\">Con\u00e7u \u00e0 l\u2019origine pour <strong>harmoniser le corps f\u00e9minin<\/strong>, ce Qi Gong s\u2019adresse \u00e0 toute personne cherchant \u00e0 :<\/p><ul style=\"font-weight: 400;\"><li>\ud83c\udf3a <strong>R\u00e9guler les cycles hormonaux et menstruels<\/strong><\/li><li>\ud83c\udf3f <strong>Nourrir le Yin<\/strong> et \u00e9quilibrer le <strong>syst\u00e8me nerveux<\/strong><\/li><li>\ud83d\udc93 <strong>Lib\u00e9rer les \u00e9motions<\/strong> stock\u00e9es dans le foie (col\u00e8re, frustration)<\/li><li>\ud83e\uddd8\u200d\u2640\ufe0f <strong>Apaiser l\u2019esprit<\/strong> et renforcer l\u2019ancrage int\u00e9rieur<\/li><li>\ud83d\udd04 <strong>Stimuler la circulation du Qi et du sang<\/strong> dans le corps<\/li><\/ul>\t\t\t\t\t\t\t\t<\/div>\n\t\t\t\t<\/div>\n\t\t\t\t\t<\/div>\n\t\t<\/div>\n\t\t\t\t<div class=\"elementor-column elementor-col-50 elementor-top-column elementor-element elementor-element-a3d70e8\" data-id=\"a3d70e8\" data-element_type=\"column\" data-e-type=\"column\">\n\t\t\t<div class=\"elementor-widget-wrap elementor-element-populated\">\n\t\t\t\t\t\t<div class=\"elementor-element elementor-element-aeea61a elementor-widget elementor-widget-image\" data-id=\"aeea61a\" data-element_type=\"widget\" data-e-type=\"widget\" data-widget_type=\"image.default\">\n\t\t\t\t<div class=\"elementor-widget-container\">\n\t\t\t\t\t\t\t\t\t\t\t\t\t\t\t<img fetchpriority=\"high\" decoding=\"async\" width=\"171\" height=\"300\" src=\"https:\/\/astrotao.com\/wp-content\/uploads\/2025\/08\/StockCake-Jade-Waters-Illuminated_1753639347-171x300.jpg\" class=\"attachment-medium size-medium wp-image-16716\" alt=\"\" srcset=\"https:\/\/astrotao.com\/wp-content\/uploads\/2025\/08\/StockCake-Jade-Waters-Illuminated_1753639347-171x300.jpg 171w, https:\/\/astrotao.com\/wp-content\/uploads\/2025\/08\/StockCake-Jade-Waters-Illuminated_1753639347-585x1024.jpg 585w, https:\/\/astrotao.com\/wp-content\/uploads\/2025\/08\/StockCake-Jade-Waters-Illuminated_1753639347.jpg 768w\" sizes=\"(max-width: 171px) 100vw, 171px\" \/>\t\t\t\t\t\t\t\t\t\t\t\t\t\t\t<\/div>\n\t\t\t\t<\/div>\n\t\t\t\t\t<\/div>\n\t\t<\/div>\n\t\t\t\t\t<\/div>\n\t\t<\/section>\n\t\t\t\t<section class=\"elementor-section elementor-top-section elementor-element elementor-element-4f26d8d elementor-section-boxed elementor-section-height-default elementor-section-height-default\" data-id=\"4f26d8d\" data-element_type=\"section\" data-e-type=\"section\">\n\t\t\t\t\t\t<div class=\"elementor-container elementor-column-gap-default\">\n\t\t\t\t\t<div class=\"elementor-column elementor-col-100 elementor-top-column elementor-element elementor-element-2fbb6f4\" data-id=\"2fbb6f4\" data-element_type=\"column\" data-e-type=\"column\">\n\t\t\t<div class=\"elementor-widget-wrap elementor-element-populated\">\n\t\t\t\t\t\t<div class=\"elementor-element elementor-element-6dcbbd1 elementor-widget elementor-widget-heading\" data-id=\"6dcbbd1\" data-element_type=\"widget\" data-e-type=\"widget\" data-widget_type=\"heading.default\">\n\t\t\t\t<div class=\"elementor-widget-container\">\n\t\t\t\t\t<h2 class=\"elementor-heading-title elementor-size-default\">\ud83c\udfa5 Dans cette vid\u00e9o exclusive, vous d\u00e9couvrirez :<\/h2>\t\t\t\t<\/div>\n\t\t\t\t<\/div>\n\t\t\t\t\t<\/div>\n\t\t<\/div>\n\t\t\t\t\t<\/div>\n\t\t<\/section>\n\t\t\t\t<section class=\"elementor-section elementor-top-section elementor-element elementor-element-bcb350c elementor-section-boxed elementor-section-height-default elementor-section-height-default\" data-id=\"bcb350c\" data-element_type=\"section\" data-e-type=\"section\">\n\t\t\t\t\t\t<div class=\"elementor-container elementor-column-gap-default\">\n\t\t\t\t\t<div class=\"elementor-column elementor-col-100 elementor-top-column elementor-element elementor-element-280e749\" data-id=\"280e749\" data-element_type=\"column\" data-e-type=\"column\">\n\t\t\t<div class=\"elementor-widget-wrap elementor-element-populated\">\n\t\t\t\t\t\t<div class=\"elementor-element elementor-element-cac6a10 elementor-widget elementor-widget-text-editor\" data-id=\"cac6a10\" data-element_type=\"widget\" data-e-type=\"widget\" data-widget_type=\"text-editor.default\">\n\t\t\t\t<div class=\"elementor-widget-container\">\n\t\t\t\t\t\t\t\t\t<p style=\"font-weight: 400;\">\u2705 Une <strong>s\u00e9quence compl\u00e8te<\/strong> accessible aux d\u00e9butants comme aux initi\u00e9s<br \/>\u2705 Des <strong>mouvements circulaires et fluides<\/strong> inspir\u00e9s de la tradition tao\u00efste<br \/>\u2705 Un <strong>temps de recentrage int\u00e9rieur<\/strong>, propice au calme, au l\u00e2cher-prise, \u00e0 la reconnexion \u00e0 soi<\/p><p style=\"font-weight: 400;\">\ud83c\udf15 Cette forme est particuli\u00e8rement recommand\u00e9e lors des <strong>changements de saison<\/strong>, <strong>phases de transition hormonale<\/strong>(pubert\u00e9, maternit\u00e9, m\u00e9nopause) ou <strong>p\u00e9riodes de fatigue \u00e9motionnelle<\/strong>.<\/p><p style=\"font-weight: 400;\">Elle s\u2019adresse aussi aux hommes qui ont besoin de r\u00e9\u00e9quilibrer l\u2019\u00e9nergie du Foie (col\u00e8re, frustration, ..)<\/p>\t\t\t\t\t\t\t\t<\/div>\n\t\t\t\t<\/div>\n\t\t\t\t\t<\/div>\n\t\t<\/div>\n\t\t\t\t\t<\/div>\n\t\t<\/section>\n\t\t\t\t<section class=\"elementor-section elementor-top-section elementor-element elementor-element-07c941c elementor-section-boxed elementor-section-height-default elementor-section-height-default\" data-id=\"07c941c\" data-element_type=\"section\" data-e-type=\"section\">\n\t\t\t\t\t\t<div class=\"elementor-container elementor-column-gap-default\">\n\t\t\t\t\t<div class=\"elementor-column elementor-col-100 elementor-top-column elementor-element elementor-element-ae0270a\" data-id=\"ae0270a\" data-element_type=\"column\" data-e-type=\"column\">\n\t\t\t<div class=\"elementor-widget-wrap elementor-element-populated\">\n\t\t\t\t\t\t<div class=\"elementor-element elementor-element-81faa82 elementor-widget elementor-widget-heading\" data-id=\"81faa82\" data-element_type=\"widget\" data-e-type=\"widget\" data-widget_type=\"heading.default\">\n\t\t\t\t<div class=\"elementor-widget-container\">\n\t\t\t\t\t<h2 class=\"elementor-heading-title elementor-size-default\">\ud83d\udca1 Infos pratiques :<\/h2>\t\t\t\t<\/div>\n\t\t\t\t<\/div>\n\t\t\t\t\t<\/div>\n\t\t<\/div>\n\t\t\t\t\t<\/div>\n\t\t<\/section>\n\t\t\t\t<section class=\"elementor-section elementor-top-section elementor-element elementor-element-7264e10 elementor-section-boxed elementor-section-height-default elementor-section-height-default\" data-id=\"7264e10\" data-element_type=\"section\" data-e-type=\"section\">\n\t\t\t\t\t\t<div class=\"elementor-container elementor-column-gap-default\">\n\t\t\t\t\t<div class=\"elementor-column elementor-col-100 elementor-top-column elementor-element elementor-element-3d36bae\" data-id=\"3d36bae\" data-element_type=\"column\" data-e-type=\"column\">\n\t\t\t<div class=\"elementor-widget-wrap elementor-element-populated\">\n\t\t\t\t\t\t<div class=\"elementor-element elementor-element-cec01a8 elementor-widget elementor-widget-text-editor\" data-id=\"cec01a8\" data-element_type=\"widget\" data-e-type=\"widget\" data-widget_type=\"text-editor.default\">\n\t\t\t\t<div class=\"elementor-widget-container\">\n\t\t\t\t\t\t\t\t\t<ul style=\"font-weight: 400;\">\n<li>Dur\u00e9e : 35 minutes<\/li>\n<li>Niveau : Tous niveaux<\/li>\n<li><strong>Bonus&nbsp;<\/strong>: vid\u00e9os pr\u00e9sentant une version sp\u00e9ciale pour les personnes ayant les genoux fragiles.<\/li>\n<li><strong>Package Vid\u00e9os &nbsp;+ Coaching individuel &nbsp;et conseils \u00e9nerg\u00e9tiques (1 h) &nbsp;pour 149\u20ac au lieu de 169\u20ac<\/strong><\/li>\n<\/ul>\t\t\t\t\t\t\t\t<\/div>\n\t\t\t\t<\/div>\n\t\t\t\t\t<\/div>\n\t\t<\/div>\n\t\t\t\t\t<\/div>\n\t\t<\/section>\n\t\t\t\t<section class=\"elementor-section elementor-top-section elementor-element elementor-element-fdba476 elementor-section-boxed elementor-section-height-default elementor-section-height-default\" data-id=\"fdba476\" data-element_type=\"section\" data-e-type=\"section\">\n\t\t\t\t\t\t<div class=\"elementor-container elementor-column-gap-default\">\n\t\t\t\t\t<div class=\"elementor-column elementor-col-100 elementor-top-column elementor-element elementor-element-6e37287\" data-id=\"6e37287\" data-element_type=\"column\" data-e-type=\"column\">\n\t\t\t<div class=\"elementor-widget-wrap elementor-element-populated\">\n\t\t\t\t\t\t<div class=\"elementor-element elementor-element-3c9bf87 elementor-widget elementor-widget-heading\" data-id=\"3c9bf87\" data-element_type=\"widget\" data-e-type=\"widget\" data-widget_type=\"heading.default\">\n\t\t\t\t<div class=\"elementor-widget-container\">\n\t\t\t\t\t<h2 class=\"elementor-heading-title elementor-size-default\">\ud83c\udf81 Offrez-vous un moment sacr\u00e9.<\/h2>\t\t\t\t<\/div>\n\t\t\t\t<\/div>\n\t\t\t\t\t<\/div>\n\t\t<\/div>\n\t\t\t\t\t<\/div>\n\t\t<\/section>\n\t\t\t\t<section class=\"elementor-section elementor-top-section elementor-element elementor-element-9759ad1 elementor-section-boxed elementor-section-height-default elementor-section-height-default\" data-id=\"9759ad1\" data-element_type=\"section\" data-e-type=\"section\">\n\t\t\t\t\t\t<div class=\"elementor-container elementor-column-gap-default\">\n\t\t\t\t\t<div class=\"elementor-column elementor-col-100 elementor-top-column elementor-element elementor-element-f6ed6b2\" data-id=\"f6ed6b2\" data-element_type=\"column\" data-e-type=\"column\">\n\t\t\t<div class=\"elementor-widget-wrap elementor-element-populated\">\n\t\t\t\t\t\t<div class=\"elementor-element elementor-element-b9f4472 elementor-widget elementor-widget-text-editor\" data-id=\"b9f4472\" data-element_type=\"widget\" data-e-type=\"widget\" data-widget_type=\"text-editor.default\">\n\t\t\t\t<div class=\"elementor-widget-container\">\n\t\t\t\t\t\t\t\t\t<p>La Femme de Jade vous invite \u00e0 vous reconnecter \u00e0 votre source int\u00e9rieure avec gr\u00e2ce, douceur et puissance. \ud83c\udf38<\/p>\t\t\t\t\t\t\t\t<\/div>\n\t\t\t\t<\/div>\n\t\t\t\t<div class=\"elementor-element elementor-element-90d5e63 elementor-align-center elementor-widget elementor-widget-button\" data-id=\"90d5e63\" data-element_type=\"widget\" data-e-type=\"widget\" data-widget_type=\"button.default\">\n\t\t\t\t<div class=\"elementor-widget-container\">\n\t\t\t\t\t\t\t\t\t<div class=\"elementor-button-wrapper\">\n\t\t\t\t\t<a class=\"elementor-button elementor-button-link elementor-size-sm\" href=\"https:\/\/taoequilibre123.systeme.io\/166bbd61-8e535664-df3e90b4\">\n\t\t\t\t\t\t<span class=\"elementor-button-content-wrapper\">\n\t\t\t\t\t\t\t\t\t<span class=\"elementor-button-text\">Acheter<\/span>\n\t\t\t\t\t<\/span>\n\t\t\t\t\t<\/a>\n\t\t\t\t<\/div>\n\t\t\t\t\t\t\t\t<\/div>\n\t\t\t\t<\/div>\n\t\t\t\t\t<\/div>\n\t\t<\/div>\n\t\t\t\t\t<\/div>\n\t\t<\/section>\n\t\t\t\t<\/div>\n\t\t","protected":false},"excerpt":{"rendered":"<p>\ud83c\udf38 Qi Gong de la Femme de Jade \u2013 Un&hellip;<\/p>\n<p> <a class=\"more-link\" href=\"https:\/\/astrotao.com\/index.php\/qi-gong-la-femme-de-jade-coaching-personnalise-1h\/\">Lire la suite<\/a><\/p>\n","protected":false},"author":5,"featured_media":12670,"parent":0,"menu_order":0,"comment_status":"closed","ping_status":"closed","template":"","meta":{"footnotes":""},"class_list":["post-16792","page","type-page","status-publish","has-post-thumbnail"],"yoast_head":"<!-- This site is optimized with the Yoast SEO plugin v27.6 - https:\/\/yoast.com\/product\/yoast-seo-wordpress\/ -->\n<title>Qi Gong La Femme de Jade + Coaching personnalis\u00e9 (1h)\u200b - Astro Tao<\/title>\n<meta name=\"robots\" content=\"index, follow, max-snippet:-1, max-image-preview:large, max-video-preview:-1\" \/>\n<link rel=\"canonical\" href=\"https:\/\/astrotao.com\/index.php\/qi-gong-la-femme-de-jade-coaching-personnalise-1h\/\" \/>\n<meta property=\"og:locale\" content=\"fr_FR\" \/>\n<meta property=\"og:type\" content=\"article\" \/>\n<meta property=\"og:title\" content=\"Qi Gong La Femme de Jade + Coaching personnalis\u00e9 (1h)\u200b - Astro Tao\" \/>\n<meta property=\"og:description\" content=\"\ud83c\udf38 Qi Gong de la Femme de Jade \u2013 Un&hellip;  Lire la suite\" \/>\n<meta property=\"og:url\" content=\"https:\/\/astrotao.com\/index.php\/qi-gong-la-femme-de-jade-coaching-personnalise-1h\/\" \/>\n<meta property=\"og:site_name\" content=\"Astro Tao\" \/>\n<meta property=\"article:publisher\" content=\"https:\/\/www.facebook.com\/MantakChiaParis\/\" \/>\n<meta property=\"article:modified_time\" content=\"2026-03-05T18:48:22+00:00\" \/>\n<meta property=\"og:image\" content=\"https:\/\/astrotao.com\/wp-content\/uploads\/2021\/01\/20190329_163021-scaled.jpg\" \/>\n\t<meta property=\"og:image:width\" content=\"2560\" \/>\n\t<meta property=\"og:image:height\" content=\"1920\" \/>\n\t<meta property=\"og:image:type\" content=\"image\/jpeg\" \/>\n<meta name=\"twitter:card\" content=\"summary_large_image\" \/>\n<meta name=\"twitter:label1\" content=\"Dur\u00e9e de lecture estim\u00e9e\" \/>\n\t<meta name=\"twitter:data1\" content=\"2 minutes\" \/>\n<script type=\"application\/ld+json\" class=\"yoast-schema-graph\">{\"@context\":\"https:\\\/\\\/schema.org\",\"@graph\":[{\"@type\":[\"WebPage\",\"ItemPage\"],\"@id\":\"https:\\\/\\\/astrotao.com\\\/index.php\\\/qi-gong-la-femme-de-jade-coaching-personnalise-1h\\\/\",\"url\":\"https:\\\/\\\/astrotao.com\\\/index.php\\\/qi-gong-la-femme-de-jade-coaching-personnalise-1h\\\/\",\"name\":\"Qi Gong La Femme de Jade + Coaching personnalis\u00e9 (1h)\u200b - Astro Tao\",\"isPartOf\":{\"@id\":\"https:\\\/\\\/astrotao.com\\\/#website\"},\"primaryImageOfPage\":{\"@id\":\"https:\\\/\\\/astrotao.com\\\/index.php\\\/qi-gong-la-femme-de-jade-coaching-personnalise-1h\\\/#primaryimage\"},\"image\":{\"@id\":\"https:\\\/\\\/astrotao.com\\\/index.php\\\/qi-gong-la-femme-de-jade-coaching-personnalise-1h\\\/#primaryimage\"},\"thumbnailUrl\":\"https:\\\/\\\/astrotao.com\\\/wp-content\\\/uploads\\\/2021\\\/01\\\/20190329_163021-scaled.jpg\",\"datePublished\":\"2025-09-28T11:59:53+00:00\",\"dateModified\":\"2026-03-05T18:48:22+00:00\",\"breadcrumb\":{\"@id\":\"https:\\\/\\\/astrotao.com\\\/index.php\\\/qi-gong-la-femme-de-jade-coaching-personnalise-1h\\\/#breadcrumb\"},\"inLanguage\":\"fr-FR\",\"potentialAction\":[{\"@type\":\"ReadAction\",\"target\":[\"https:\\\/\\\/astrotao.com\\\/index.php\\\/qi-gong-la-femme-de-jade-coaching-personnalise-1h\\\/\"]}]},{\"@type\":\"ImageObject\",\"inLanguage\":\"fr-FR\",\"@id\":\"https:\\\/\\\/astrotao.com\\\/index.php\\\/qi-gong-la-femme-de-jade-coaching-personnalise-1h\\\/#primaryimage\",\"url\":\"https:\\\/\\\/astrotao.com\\\/wp-content\\\/uploads\\\/2021\\\/01\\\/20190329_163021-scaled.jpg\",\"contentUrl\":\"https:\\\/\\\/astrotao.com\\\/wp-content\\\/uploads\\\/2021\\\/01\\\/20190329_163021-scaled.jpg\",\"width\":2560,\"height\":1920,\"caption\":\"Image-fleur\"},{\"@type\":\"BreadcrumbList\",\"@id\":\"https:\\\/\\\/astrotao.com\\\/index.php\\\/qi-gong-la-femme-de-jade-coaching-personnalise-1h\\\/#breadcrumb\",\"itemListElement\":[{\"@type\":\"ListItem\",\"position\":1,\"name\":\"Accueil\",\"item\":\"https:\\\/\\\/astrotao.com\\\/\"},{\"@type\":\"ListItem\",\"position\":2,\"name\":\"Qi Gong La Femme de Jade + Coaching personnalis\u00e9 (1h)\u200b\"}]},{\"@type\":\"WebSite\",\"@id\":\"https:\\\/\\\/astrotao.com\\\/#website\",\"url\":\"https:\\\/\\\/astrotao.com\\\/\",\"name\":\"Astro Tao\",\"description\":\"\",\"publisher\":{\"@id\":\"https:\\\/\\\/astrotao.com\\\/#organization\"},\"potentialAction\":[{\"@type\":\"SearchAction\",\"target\":{\"@type\":\"EntryPoint\",\"urlTemplate\":\"https:\\\/\\\/astrotao.com\\\/?s={search_term_string}\"},\"query-input\":{\"@type\":\"PropertyValueSpecification\",\"valueRequired\":true,\"valueName\":\"search_term_string\"}}],\"inLanguage\":\"fr-FR\"},{\"@type\":\"Organization\",\"@id\":\"https:\\\/\\\/astrotao.com\\\/#organization\",\"name\":\"Astro Tao\",\"url\":\"https:\\\/\\\/astrotao.com\\\/\",\"logo\":{\"@type\":\"ImageObject\",\"inLanguage\":\"fr-FR\",\"@id\":\"https:\\\/\\\/astrotao.com\\\/#\\\/schema\\\/logo\\\/image\\\/\",\"url\":\"https:\\\/\\\/astrotao.com\\\/wp-content\\\/uploads\\\/2021\\\/01\\\/Logo-Astro-TAO-final.gif\",\"contentUrl\":\"https:\\\/\\\/astrotao.com\\\/wp-content\\\/uploads\\\/2021\\\/01\\\/Logo-Astro-TAO-final.gif\",\"width\":723,\"height\":404,\"caption\":\"Astro Tao\"},\"image\":{\"@id\":\"https:\\\/\\\/astrotao.com\\\/#\\\/schema\\\/logo\\\/image\\\/\"},\"sameAs\":[\"https:\\\/\\\/www.facebook.com\\\/MantakChiaParis\\\/\",\"https:\\\/\\\/www.instagram.com\\\/mantakchiaparis\\\/\"]}]}<\/script>\n<!-- \/ Yoast SEO plugin. -->","yoast_head_json":{"title":"Qi Gong La Femme de Jade + Coaching personnalis\u00e9 (1h)\u200b - Astro Tao","robots":{"index":"index","follow":"follow","max-snippet":"max-snippet:-1","max-image-preview":"max-image-preview:large","max-video-preview":"max-video-preview:-1"},"canonical":"https:\/\/astrotao.com\/index.php\/qi-gong-la-femme-de-jade-coaching-personnalise-1h\/","og_locale":"fr_FR","og_type":"article","og_title":"Qi Gong La Femme de Jade + Coaching personnalis\u00e9 (1h)\u200b - Astro Tao","og_description":"\ud83c\udf38 Qi Gong de la Femme de Jade \u2013 Un&hellip;  Lire la suite","og_url":"https:\/\/astrotao.com\/index.php\/qi-gong-la-femme-de-jade-coaching-personnalise-1h\/","og_site_name":"Astro Tao","article_publisher":"https:\/\/www.facebook.com\/MantakChiaParis\/","article_modified_time":"2026-03-05T18:48:22+00:00","og_image":[{"width":2560,"height":1920,"url":"https:\/\/astrotao.com\/wp-content\/uploads\/2021\/01\/20190329_163021-scaled.jpg","type":"image\/jpeg"}],"twitter_card":"summary_large_image","twitter_misc":{"Dur\u00e9e de lecture estim\u00e9e":"2 minutes"},"schema":{"@context":"https:\/\/schema.org","@graph":[{"@type":["WebPage","ItemPage"],"@id":"https:\/\/astrotao.com\/index.php\/qi-gong-la-femme-de-jade-coaching-personnalise-1h\/","url":"https:\/\/astrotao.com\/index.php\/qi-gong-la-femme-de-jade-coaching-personnalise-1h\/","name":"Qi Gong La Femme de Jade + Coaching personnalis\u00e9 (1h)\u200b - Astro Tao","isPartOf":{"@id":"https:\/\/astrotao.com\/#website"},"primaryImageOfPage":{"@id":"https:\/\/astrotao.com\/index.php\/qi-gong-la-femme-de-jade-coaching-personnalise-1h\/#primaryimage"},"image":{"@id":"https:\/\/astrotao.com\/index.php\/qi-gong-la-femme-de-jade-coaching-personnalise-1h\/#primaryimage"},"thumbnailUrl":"https:\/\/astrotao.com\/wp-content\/uploads\/2021\/01\/20190329_163021-scaled.jpg","datePublished":"2025-09-28T11:59:53+00:00","dateModified":"2026-03-05T18:48:22+00:00","breadcrumb":{"@id":"https:\/\/astrotao.com\/index.php\/qi-gong-la-femme-de-jade-coaching-personnalise-1h\/#breadcrumb"},"inLanguage":"fr-FR","potentialAction":[{"@type":"ReadAction","target":["https:\/\/astrotao.com\/index.php\/qi-gong-la-femme-de-jade-coaching-personnalise-1h\/"]}]},{"@type":"ImageObject","inLanguage":"fr-FR","@id":"https:\/\/astrotao.com\/index.php\/qi-gong-la-femme-de-jade-coaching-personnalise-1h\/#primaryimage","url":"https:\/\/astrotao.com\/wp-content\/uploads\/2021\/01\/20190329_163021-scaled.jpg","contentUrl":"https:\/\/astrotao.com\/wp-content\/uploads\/2021\/01\/20190329_163021-scaled.jpg","width":2560,"height":1920,"caption":"Image-fleur"},{"@type":"BreadcrumbList","@id":"https:\/\/astrotao.com\/index.php\/qi-gong-la-femme-de-jade-coaching-personnalise-1h\/#breadcrumb","itemListElement":[{"@type":"ListItem","position":1,"name":"Accueil","item":"https:\/\/astrotao.com\/"},{"@type":"ListItem","position":2,"name":"Qi Gong La Femme de Jade + Coaching personnalis\u00e9 (1h)\u200b"}]},{"@type":"WebSite","@id":"https:\/\/astrotao.com\/#website","url":"https:\/\/astrotao.com\/","name":"Astro Tao","description":"","publisher":{"@id":"https:\/\/astrotao.com\/#organization"},"potentialAction":[{"@type":"SearchAction","target":{"@type":"EntryPoint","urlTemplate":"https:\/\/astrotao.com\/?s={search_term_string}"},"query-input":{"@type":"PropertyValueSpecification","valueRequired":true,"valueName":"search_term_string"}}],"inLanguage":"fr-FR"},{"@type":"Organization","@id":"https:\/\/astrotao.com\/#organization","name":"Astro Tao","url":"https:\/\/astrotao.com\/","logo":{"@type":"ImageObject","inLanguage":"fr-FR","@id":"https:\/\/astrotao.com\/#\/schema\/logo\/image\/","url":"https:\/\/astrotao.com\/wp-content\/uploads\/2021\/01\/Logo-Astro-TAO-final.gif","contentUrl":"https:\/\/astrotao.com\/wp-content\/uploads\/2021\/01\/Logo-Astro-TAO-final.gif","width":723,"height":404,"caption":"Astro Tao"},"image":{"@id":"https:\/\/astrotao.com\/#\/schema\/logo\/image\/"},"sameAs":["https:\/\/www.facebook.com\/MantakChiaParis\/","https:\/\/www.instagram.com\/mantakchiaparis\/"]}]}},"jetpack_sharing_enabled":true,"_links":{"self":[{"href":"https:\/\/astrotao.com\/index.php\/wp-json\/wp\/v2\/pages\/16792","targetHints":{"allow":["GET"]}}],"collection":[{"href":"https:\/\/astrotao.com\/index.php\/wp-json\/wp\/v2\/pages"}],"about":[{"href":"https:\/\/astrotao.com\/index.php\/wp-json\/wp\/v2\/types\/page"}],"author":[{"embeddable":true,"href":"https:\/\/astrotao.com\/index.php\/wp-json\/wp\/v2\/users\/5"}],"replies":[{"embeddable":true,"href":"https:\/\/astrotao.com\/index.php\/wp-json\/wp\/v2\/comments?post=16792"}],"version-history":[{"count":16,"href":"https:\/\/astrotao.com\/index.php\/wp-json\/wp\/v2\/pages\/16792\/revisions"}],"predecessor-version":[{"id":16877,"href":"https:\/\/astrotao.com\/index.php\/wp-json\/wp\/v2\/pages\/16792\/revisions\/16877"}],"wp:featuredmedia":[{"embeddable":true,"href":"https:\/\/astrotao.com\/index.php\/wp-json\/wp\/v2\/media\/12670"}],"wp:attachment":[{"href":"https:\/\/astrotao.com\/index.php\/wp-json\/wp\/v2\/media?parent=16792"}],"curies":[{"name":"wp","href":"https:\/\/api.w.org\/{rel}","templated":true}]}}